visor of x and z.
20
Let s(y) = -y**3 - y**2 - 4*y + 2. Let c = 396 + -399. Let z be s(c). What is the greatest common factor of z and 352?
32
Let i(p) = 9*p**3 + 6*p**2 - 5*p + 298. Let x be i(14). What is the greatest common divisor of x and 87?
87
Let x = -10 - -16. Suppose -48 = -17*t + 40 + 31. Suppose -v = 2*m - 84, -t*v - m + 82 = -x*v. What is the greatest common factor of 5 and v?
5
Let n(d) = -62*d**2 - 5488*d + 48. Let k be n(-84). What is the greatest common factor of k and 16?
16
Let o = 108 - 17. Suppose 359 = v + 5*r - o, -v = -2*r - 457. Calculate the greatest common factor of v and 35.
35
Let k be 12890/130 - (-2)/(-13). Calculate the greatest common divisor of 441 and k.
9
Let n be ((-60)/(-36))/((-12)/18)*76/(-5). Suppose -696 = -4*l - 4*q, 5*l + 2*q - 867 = -2*q. Calculate the greatest common factor of n and l.
19
Let f = -549 - -567. Suppose 0 = 5*t - 4*t - 66. Calculate the greatest common factor of f and t.
6
Let y be 2/10 - (-9)/5. Let w(r) = 40*r**2 - 6*r + 16. Let m be w(y). Calculate the greatest common factor of 410 and m.
82
Let n be (10 + 134)/8*3/6. Let q(x) = -x**2 + 16*x + 5. Let y be q(16). What is the highest common divisor of y and n?
1
Let t = 54 + -63. Let i = t + 1. Let f be 1/i - (-2451)/152. Calculate the greatest common divisor of 2 and f.
2
Suppose 0 = -3*o + 293 + 451. Suppose -26*z + o = -22*z. What is the greatest common divisor of z and 279?
31
Let y = -344 + 347. Let j be 5 + -4 - (-5 - 6/(-3)). What is the highest common factor of j and y?
1
Suppose -16*d + 128 = -137 + 9. Calculate the highest common divisor of 2352 and d.
16
Let c(l) = -l**3 - 14*l**2 - 14*l - 10. Let z be c(-13). Let s be (40 + -108)*z/(-12). What is the highest common factor of s and 1377?
17
Let k(p) = p**2 - p - 23. Let o be k(6). Let m be (-28)/o + (6 - -439). Calculate the greatest common divisor of 49 and m.
49
Suppose -70 = 4*b + b. Let u be (-21)/b - 229/(-2). Suppose r - 49 = -20. Calculate the highest common factor of u and r.
29
Let u be -8 + 5 - (-4 - 2). Suppose 2 = i + u*r, 12 = 2*i - 2*r - 0*r. Suppose 0 = -i*c + 340 - 100. What is the greatest common factor of c and 12?
12
Let u be (-2)/5 + 1824/10. Suppose -3*z + 97 - 88 = 0. Suppose -z*d = -328 + 250. Calculate the greatest common divisor of u and d.
26
Let d be (-2 - (-124 + -4 + 1))*(77 + -26). Calculate the highest common divisor of d and 51.
51
Let f be 3 + -3 + 6 + -272. Let v = 552 + f. Calculate the greatest common factor of 22 and v.
22
Let m = 15 - -3. Let j(y) = 4*y**2 - 15*y - 14. Let k be j(5). Suppose -k*p = -9*p - 180. What is the greatest common factor of p and m?
18
Suppose 5 = 2*v + 25. Let k be (v/4)/(1/(-2)). Suppose -8020*o + 325*o + 3570*o = 6617*o - 590810. Calculate the greatest common divisor of o and k.
5
Let i(y) = 7*y**3 - 6*y**2 + 30*y - 71. Let v be i(3). What is the highest common factor of v and 126?
14
Let m be 4 + -1 + (-2 - -30 - 1). Let r be -2 + m/8 + 1/4. Suppose 0 = -3*f + s + 84, -r*f - 42 = -3*f + 5*s. Calculate the highest common factor of 189 and f.
27
Let s be (-1)/4 + (-26)/(-8). Let i = -3358 - -3499. What is the highest common divisor of s and i?
3
Suppose 5*a = -3*l - 23, 3*l - 2*l - 2*a - 7 = 0. Let n be l/(-3*9/270). Calculate the greatest common factor of n and 35.
5
Suppose -229*k + 1755 = -220*k. Let o = 1 + -2. Let j = 16 + o. What is the greatest common divisor of j and k?
15
Let y be -27 + 31 - -3*2. Suppose -y*h = -2*h - 696. Calculate the greatest common divisor of h and 15.
3
Let p be (-92115)/(-18) - 36/(-8). Calculate the highest common divisor of p and 78.
26
Suppose 199*u - 75*u = 69440. Calculate the greatest common factor of 1456 and u.
112
Let r be 90/(-20)*80/(-12). Let j = r + 90. What is the highest common divisor of 20 and j?
20
Let s(c) = 3*c + 169. Let v be s(38). Let d = 300 - v. Calculate the highest common factor of d and 1275.
17
Let w = 12 - 2. Suppose -w = 7*k - 5*k. Let z be (34/k)/((-5)/25). Calculate the highest common factor of 85 and z.
17
Suppose p - 4*r - 1423 - 1087 = 0, -2*p + 2*r + 4996 = 0. Calculate the greatest common factor of p and 430.
86
Let w = 954 - 889. Calculate the greatest common divisor of w and 403.
13
Suppose 15 = 5*l, 3*w + 393 = -l - 402. Let d = w + 268. What is the greatest common divisor of 16 and d?
2
Let a = 141 - 130. Suppose m = -2*d - 0*m + a, 4*m = 20. Let o be (-2 - (-36)/16)*(-1 + 13). Calculate the highest common factor of o and d.
3
Let o(k) = -178*k + 8883. Let n be o(-82). What is the greatest common factor of 53 and n?
53
Let b = 107 - 67. Let n = 183007 + -182697. Calculate the greatest common divisor of b and n.
10
Suppose 86*z - 2 = 84*z, 4151 = 2*s - 9*z. Calculate the greatest common divisor of 400 and s.
80
Suppose 11*d = 331 + 604. Suppose d + 31 = j. Suppose 37*m = 14*m + 6670. What is the highest common divisor of j and m?
58
Suppose 18491 = 8*k - 2677. Calculate the greatest common factor of 196 and k.
98
Suppose 2*z + 3*z = 440. Let w be (-63)/(-14)*(-32)/(-12). Suppose w*d - 23*d + 121 = 0. Calculate the highest common divisor of d and z.
11
Let v be 3 - (-7)/(14/(-10)). Let x be ((-2360)/36)/v + 10/45. What is the greatest common factor of x and 88?
11
Suppose -3*j = 5*v - 24048, 0 = -4*j + 132*v - 128*v + 32096. Calculate the highest common factor of j and 13.
13
Suppose 4*z - 5922 = -q - 852, -3*z = 13*q - 3729. What is the highest common factor of 135 and z?
27
Let o be (0 - -9) + 89 + -56. Let n(i) = -59*i + 11. Let g be n(-8). What is the highest common factor of o and g?
21
Let h = 3030 + -2945. What is the highest common factor of 1513 and h?
17
Suppose -22113 = -79*k - 12*k. Calculate the greatest common divisor of k and 297.
27
Suppose -3*t + 9*v - 13*v + 1376 = 0, 4*v = -5*t + 2288. What is the highest common factor of t and 190?
38
Let q be 50*4/18 + 73/(-657). Calculate the highest common factor of q and 11539.
11
Let m = 80 - 121. Let k = 43 + m. Suppose 2*h - 500 = -5*w + h, w + k*h - 100 = 0. What is the greatest common factor of w and 20?
20
Let v(a) = -59 - a**3 + 3959*a**2 + 0*a**3 - 3966*a**2 - 9*a. Let q be v(-7). Calculate the greatest common factor of q and 7.
1
Let i be ((-14)/(-21) - (-57)/9)/1. Suppose i*x = 3*x + 592. What is the greatest common factor of x and 222?
74
Let d(y) = -14*y + 2. Let w be d(-2). Let z be (-2)/(-27) + (-381786)/(-15957). Calculate the highest common divisor of w and z.
6
Let x(t) = 3*t**2 - 5 - 4*t + t**3 + 2 - 2. Suppose -17*g + 2*a = -19*g - 2, 0 = 2*a - 2. Let i be x(g). What is the greatest common factor of 63 and i?
7
Let o(u) = -3*u - 4. Let d(x) = -2*x + 23. Let f be d(9). Suppose 31 = f*k + 71. Let r be o(k). Calculate the greatest common factor of 160 and r.
20
Suppose b = -2*n + 3*b + 8, 0 = -4*n - 2*b + 4. Let x be n + 16 + (-7 - -4). Let z = 2297 - 2222. Calculate the greatest common factor of x and z.
15
Suppose 110*r = -88*r + 86130. What is the highest common divisor of 348 and r?
87
Suppose -4*s = -5*c + 355 - 77, -3*c + 189 = 5*s. What is the highest common divisor of c and 203?
29
Suppose 0*s + 2*s = -5*o + 20, -2*s - 40 = -5*o. Let c be ((25/10 - 3)*0)/3. Suppose c = 3*m - 74 - 16. Calculate the highest common factor of m and o.
6
Suppose -4*d + 871 = -b, 56*d - 54*d = 3*b + 433. Calculate the highest common factor of d and 1853.
109
Let k = 152 - 149. Suppose -k = -2*o + 21. What is the greatest common factor of o and 3?
3
Let i be ((-1638)/7 + 17)/(-1). What is the greatest common factor of 279 and i?
31
Suppose -70 = -2*h + 4*t, -3*h - 3*t - 3133 + 3139 = 0. Let o be 4/(-18) + (-238)/(-18). Calculate the greatest common divisor of o and h.
13
Suppose 32*m - 90 = -13*m. What is the highest common factor of 206 and m?
2
Let h be 6/(-36)*1 - 64265/(-30). Calculate the greatest common factor of h and 595.
119
Suppose 0 = -3*p + j + 107, 3*p = -3*j + 113 - 26. Let g(d) = -d**3 + 9*d**2 + 7*d - 1. Let w be g(8). Calculate the highest common divisor of w and p.
17
Let k = -216 + 213. Let l(h) = -6*h**3 - 4*h**2 + 4*h + 12. Let j be l(k). Calculate the highest common divisor of 14 and j.
14
Let z = 17 + -8. Let o be 21 + -26 - z*-1. What is the greatest common divisor of 32 and o?
4
Suppose 0 = 3*l - y - 1872, 9*l - 952 = 2*y + 4667. What is the greatest c